ed by 121?
57
What is the remainder when 2000049 is divided by 1000001?
47
What is the remainder when 35544976 is divided by 155899?
4
What is the remainder when 1589881 is divided by 79492?
41
What is the remainder when 133213 is divided by 16631?
165
Calculate the remainder when 1554352 is divided by 109.
12
Calculate the remainder when 283126 is divided by 706.
20
What is the remainder when 211291 is divided by 309?
244
What is the remainder when 1624266 is divided by 4081?
28
What is the remainder when 17107 is divided by 776?
35
What is the remainder when 24797561 is divided by 12?
5
Calculate the remainder when 221270 is divided by 220795.
475
What is the remainder when 17750316 is divided by 14829?
3
What is the remainder when 185243747 is divided by 1957?
1955
What is the remainder when 18699870 is divided by 1252?
1250
What is the remainder when 14171 is divided by 12258?
1913
Calculate the remainder when 7777048 is divided by 662.
534
Calculate the remainder when 1193715 is divided by 594.
369
Calculate the remainder when 14889 is divided by 3121.
2405
What is the remainder when 13357 is divided by 12609?
748
Calculate the remainder when 6430645 is divided by 3215217.
211
What is the remainder when 1048086 is divided by 307?
295
What is the remainder when 128594214 is divided by 1539?
1530
Calculate the remainder when 208462719 is divided by 467.
457
What is the remainder when 2388910 is divided by 140524?
2
Calculate the remainder when 3158658 is divided by 1579322.
14
Calculate the remainder when 2241336 is divided by 186.
36
Calculate the remainder when 529938 is divided by 48172.
46
Calculate the remainder when 47401719 is divided by 3229.
3228
Calculate the remainder when 2969949 is divided by 989867.
348
What is the remainder when 15546859 is divided by 30725?
9
Calculate the remainder when 1041416 is divided by 2246.
1518
What is the remainder when 13429 is divided by 11692?
1737
Calculate the remainder when 11919992 is divided by 1811.
1801
Calculate the remainder when 26241662 is divided by 3894.
3890
Calculate the remainder when 1416287 is divided by 104.
15
Calculate the remainder when 21989 is divided by 10900.
189
What is the remainder when 51821 is divided by 5061?
1211
What is the remainder when 95539 is divided by 95508?
31
Calculate the remainder when 275071 is divided by 45711.
805
Calculate the remainder when 35911973 is divided by 98.
69
What is the remainder when 2345518 is divided by 69?
1
What is the remainder when 106593 is divided by 50?
43
What is the remainder when 566061 is divided by 1153?
1091
What is the remainder when 340087 is divided by 170043?
1
Calculate the remainder when 12002189 is divided by 6001067.
55
What is the remainder when 427309 is divided by 70606?
3673
Calculate the remainder when 218853 is divided by 126.
117
What is the remainder when 1359779 is divided by 157?
2
What is the remainder when 2061937 is divided by 4157?
65
Calculate the remainder when 30645111 is divided by 303.
297
Calculate the remainder when 1831626 is divided by 1336.
1306
Calculate the remainder when 284677 is divided by 94890.
7
What is the remainder when 608513 is divided by 16012?
57
Calculate the remainder when 13655040 is divided by 3360.
0
What is the remainder when 547006 is divided by 97?
23
Calculate the remainder when 29086670 is divided by 1733.
1731
What is the remainder when 107301 is divided by 82?
45
What is the remainder when 7936515 is divided by 1629?
27
Calculate the remainder when 396007 is divided by 43898.
925
What is the remainder when 3150002 is divided by 3629?
30
What is the remainder when 112000 is divided by 1517?
1259
Calculate the remainder when 270470 is divided by 98.
88
Calculate the remainder when 168955 is divided by 459.
43
What is the remainder when 2742096 is divided by 3211?
3113
Calculate the remainder when 49860 is divided by 1049.
557
Calculate the remainder when 140605383 is divided by 3532.
3527
Calculate the remainder when 1693956 is divided by 115.
6
Calculate the remainder when 17574495 is divided by 158.
155
Calculate the remainder when 48712 is divided by 1133.
1126
Calculate the remainder when 14546842 is divided by 157.
7
Calculate the remainder when 32071 is divided by 2814.
1117
Calculate the remainder when 118873 is divided by 10793.
150
What is the remainder when 49902879 is divided by 9?
3
Calculate the remainder when 1015858 is divided by 577.
338
What is the remainder when 10000 is divided by 9220?
780
What is the remainder when 212414 is divided by 12492?
50
What is the remainder when 2279376098 is divided by 1107?
1106
What is the remainder when 39439 is divided by 319?
202
Calculate the remainder when 277139 is divided by 1054.
991
What is the remainder when 14875 is divided by 252?
7
Calculate the remainder when 374904 is divided by 93653.
292
Calculate the remainder when 377534875 is divided by 496.
11
Calculate the remainder when 319113 is divided by 52230.
5733
Calculate the remainder when 10981791 is divided by 359.
340
Calculate the remainder when 3920842 is divided by 97.
5
Calculate the remainder when 7474182 is divided by 9.
6
Calculate the remainder when 4881102 is divided by 4881033.
69
Calculate the remainder when 2920698 is divided by 384.
378
Calculate the remainder when 1690391 is divided by 845150.
91
What is the remainder when 142228 is divided by 47404?
16
Calculate the remainder when 6139 is divided by 324.
307
What is the remainder when 59300050 is divided by 52?
30
What is the remainder when 62298 is divided by 12451?
43
Calculate the remainder when 544121081 is divided by 8354.
8353
Calculate the remainder when 777322416 is divided by 61658.
10
What is the remainder when 52862 is divided by 387?
230
Calculate the remainder when 18001511 is divided by 15.
11
Calculate the remainder when 188949 is divided by 883.
870
Calculate the remainder when 103760 is divided by 6071.
553
Calculate the remainder when 4028106 is divided by 3.
0
Calculate the remainder when 9648955 is divided by 1072105.
10
What is the remainder when 53981424 is divided by 26990699?
26
Calculate the remainder when 155145 is divided by 76504.
2137
Calculate the remainder when 40617 is divided by 13389.
450
What is the remainder when 124153881 is divided by 94?
91
What is the remainder when 1905847 is divided by 279?
277
Calculate the remainder when 2908494 is divided by 31.
12
Calculate the remainder when 6395459 is divided by 4706.
5
What is the remainder when 12461 is divided by 495?
86
Calculate the remainder when 1250547 is divided by 249.
69
What is the remainder when 386672 is divided by 96268?
1600
Calculate the remainder when 2736521 is divided by 2736470.
51
What is the remainder when 35526216 is divided by 209?
187
Calculate the remainder when 29483158 is divided by 24.
22
What is the remainder when 3733372 is divided by 371?
370
What is the remainder when 6193541 is divided by 1305?
11
What is the remainder when 12195777 is divided by 1039?
1034
What is the remainder when 2372823 is divided by 346?
301
Calculate the remainder when 41328 is divided by 41326.
2
Calculate the remainder when 80277 is divided by 1867.
1863
Calculate the remainder when 217507 is divided by 2659.
2128
Calculate the remainder when 4046228 is divided by 7965.
8
Calculate the remainder when 61996 is divided by 26955.
8086
What is the remainder when 202771 is divided by 101334?
103
What is the remainder when 3038495 is divided by 427?
390
Calculate the remainder when 2203037 is divided by 9705.
2
Calculate the remainder when 3755673 is divided by 11.
9
Calculate the remainder when 297810 is divided by 33086.
36
What is the remainder when 43143479 is divided by 253785?
29
What is the remainder when 16527418 is divided by 2117?
2116
What is the remainder when 10637595 is divided by 171574?
7
Calculate the remainder when 23443575 is divided by 82.
21
Calculate the remainder when 8398522 is divided by 454.
430
Calculate the remainder when 1132206 is divided by 1551.
1527
Calculate the remainder when 142720300 is divided by 397.
388
What is the remainder when 155423083 is divided by 186?
181
What is the remainder when 3713458 is divided by 928348?
66
What is the remainder when 162751